 a factor of 369278?
False
Does 149 divide 1712308?
True
Is 1920365 a multiple of 27?
False
Is 243 a factor of 32076?
True
Does 179 divide 13100473?
True
Does 351 divide 215894?
False
Is 43548 a multiple of 16?
False
Is 283 a factor of 10533159?
False
Does 5 divide 133297?
False
Does 110 divide 10367289?
False
Is 26 a factor of 1123442?
False
Is 242 a factor of 2575708?
False
Does 35 divide 30635?
False
Does 429 divide 28743?
True
Does 172 divide 5387955?
False
Is 24 a factor of 420144?
True
Does 765 divide 16930215?
True
Is 29654 a multiple of 105?
False
Is 7 a factor of 670299?
True
Does 31 divide 10995003?
False
Is 25 a factor of 996927?
False
Is 8535146 a multiple of 21?
False
Does 5 divide 118527?
False
Does 1793 divide 12644236?
True
Is 37387512 a multiple of 107?
True
Does 37 divide 82436?
True
Is 20824431 a multiple of 386?
False
Is 288443 a multiple of 52?
False
Does 12 divide 3838896?
True
Is 37 a factor of 1122299?
False
Does 90 divide 3117936?
False
Is 681750 a multiple of 10?
True
Is 1140152 a multiple of 2308?
True
Does 707 divide 499171?
False
Is 484878 a multiple of 748?
False
Is 1311280 a multiple of 31?
False
Is 25 a factor of 27625?
True
Is 110 a factor of 4670758?
False
Is 23851044 a multiple of 14?
True
Is 289 a factor of 4609572?
False
Is 342103 a multiple of 14?
False
Is 58 a factor of 55796?
True
Does 483 divide 21060732?
True
Does 63 divide 206857?
False
Does 18 divide 1446192?
True
Is 879336 a multiple of 189?
False
Is 90770 a multiple of 246?
False
Does 7 divide 140938?
True
Is 4830816 a multiple of 32?
True
Is 1320 a multiple of 110?
True
Is 416170 a multiple of 4?
False
Does 66 divide 825990?
True
Is 38 a factor of 550324?
False
Is 208 a factor of 2617692?
False
Is 193797 a multiple of 549?
True
Is 5 a factor of 7807845?
True
Is 3732018 a multiple of 189?
False
Does 40 divide 188600?
True
Is 389004 a multiple of 22?
True
Does 5 divide 23315?
True
Is 1977888 a multiple of 16?
True
Is 1258574 a multiple of 177?
False
Is 8353525 a multiple of 565?
True
Does 61 divide 1708?
True
Is 9 a factor of 3213767?
False
Is 400323 a multiple of 231?
True
Does 243 divide 4150136?
False
Does 10 divide 3345940?
True
Is 87 a factor of 10837590?
True
Is 4473607 a multiple of 19?
True
Is 51 a factor of 30932?
False
Is 818969 a multiple of 5?
False
Is 29 a factor of 165764?
True
Is 102 a factor of 1515893?
False
Is 12 a factor of 6099218?
False
Does 523 divide 1855964?
False
Is 218 a factor of 191622?
True
Is 1975842 a multiple of 153?
True
Does 28 divide 26542152?
True
Does 5 divide 426996?
False
Is 5135 a multiple of 10?
False
Does 18 divide 259686?
True
Is 95 a factor of 18145?
True
Is 14 a factor of 12794068?
True
Does 855 divide 2766955?
False
Is 1826044 a multiple of 188?
True
Is 206 a factor of 168096?
True
Is 15 a factor of 132810?
True
Is 1850754 a multiple of 5?
False
Is 660030 a multiple of 124?
False
Is 22 a factor of 405196?
True
Is 122706 a multiple of 45?
False
Is 1967982 a multiple of 283?
True
Does 31 divide 7181955?
False
Does 107 divide 242931?
False
Is 294032 a multiple of 17?
True
Is 2075472 a multiple of 72?
True
Is 932890 a multiple of 8?
False
Does 7 divide 284963?
True
Is 80621 a multiple of 7?
False
Is 28 a factor of 8567873?
False
Is 24 a factor of 20886734?
False
Is 145249 even?
False
Is 20 a factor of 15899832?
False
Is 28 a factor of 531636?
True
Is 185136 a multiple of 532?
True
Is 7 a factor of 67531?
False
Is 7787880 a multiple of 270?
True
Is 346172 a multiple of 23?
False
Does 618 divide 182054?
False
Is 3 a factor of 2571174?
True
Is 176255 a multiple of 335?
False
Is 743 a factor of 7892889?
True
Is 13 a factor of 643287?
False
Is 528642 a multiple of 43?
True
Is 158436 a multiple of 27?
True
Is 314 a factor of 32970?
True
Is 159269 a multiple of 11?
True
Is 488858 a multiple of 116?
False
Does 43 divide 204723?
True
Is 1372542 a multiple of 56?
False
Is 107 a factor of 434657?
False
Is 11747120 a multiple of 88?
True
Does 3 divide 22488?
True
Does 17 divide 871352?
True
Is 5917766 a multiple of 255?
False
Is 242403 a multiple of 357?
True
Is 228141 a multiple of 21?
False
Is 657516 a multiple of 68?
False
Is 111 a factor of 624732?
False
Does 113 divide 14531348?
True
Is 47239 a multiple of 32?
False
Is 5 a factor of 1547299?
False
Is 579233 a multiple of 110?
False
Is 861645 a multiple of 31?
True
Is 191 a factor of 55008?
True
Does 36 divide 6047316?
True
Does 37 divide 181522?
True
Is 22 a factor of 2355474?
True
Is 117 a factor of 46700?
False
Is 44 a factor of 143513?
False
Is 10 a factor of 819638?
False
Is 89 a factor of 15041?
True
Is 26 a factor of 285277?
False
Does 17 divide 1256351?
True
Is 59920 a multiple of 20?
True
Is 261634 a multiple of 3?
False
Is 403 a factor of 123721?
True
Is 1428408 a multiple of 17?
True
Is 543575 even?
False
Is 1425204 a multiple of 3?
True
Does 161 divide 82676?
False
Is 48 a factor of 5082711?
False
Is 2167860 a multiple of 12?
True
Is 59994 a multiple of 99?
True
Is 311 a factor of 6794417?
True
Is 3 a factor of 240967?
False
Is 467012 a multiple of 52?
True
Does 29 divide 1304962?
False
Does 12 divide 7578156?
True
Is 5091379 a multiple of 7?
False
Does 464 divide 4798688?
True
Is 132 a factor of 30282?
False
Is 532 a factor of 3857532?
True
Is 14 a factor of 5085238?
False
Is 18 a factor of 3066678?
True
Is 757823 a multiple of 23?
False
Is 381 a factor of 73797?
False
Is 575740 a multiple of 129?
False
Is 2727870 a multiple of 86?
False
Is 5 a factor of 442368?
False
Does 665 divide 1040725?
True
Does 148 divide 23532?
True
Is 98 a factor of 242844?
True
Is 16 a factor of 4389023?
False
Is 411251 a multiple of 6?
False
Is 226038 a multiple of 373?
True
Is 14299 a multiple of 2?
False
Is 617 a factor of 33820855?
True
Is 239704 a multiple of 361?
True
Is 919948 a multiple of 270?
False
Does 86 divide 1282690?
True
Is 18555107 a multiple of 2787?
False
Is 59 a factor of 289487?
False
Does 295 divide 777468?
False
Does 593 divide 1421190?
False
Is 6261135 a multiple of 39?
False
Is 1446480 a multiple of 205?
True
Is 38 a factor of 561254?
False
Is 256923 a multiple of 9?
True
Does 8 divide 4908456?
True
Is 78027 a multiple of 57?
False
Does 3 divide 313173?
True
Does 385 divide 474540?
False
Is 442114 a multiple of 5?
False
Does 16 divide 6276832?
True
Does 36 divide 20916?
True
Is 18 a factor of 4347198?
True
Is 1340654 a multiple of 43?
True
Is 282 a factor of 47658?
True
Does 5 divide 314370?
True
Is 262 a factor of 446615?
False
Does 125 divide 116500?
True
Is 1367 a factor of 3790595?
False
Does 4 divide 23102?
False
Is 16 a factor of 1145088?
True
Is 22878954 a multiple of 214?
True
Is 175578 a multiple of 26?
True
Is 5044175 a multiple of 25?
True
Is 32 a factor of 23081312?
True
Does 5 divide 78310?
True
Is 23400 a multiple of 36?
True
Does 183 divide 71736?
True
Is 244 a factor of 664412?
True
Is 1743588 a multiple of 111?
True
Is 72928 a multiple of 32?
True
Is 22 a factor of 1351205?
False
Does 159 divide 195411?
True
Is 16 a factor of 130032?
True
Does 206 divide 631161?
False
Is 196 a factor of 174010?
False
Is 5250 a multiple of 50?
True
Is 1189040 a multiple of 167?
True
Does 19 divide 2005727?
False
Is 124 a factor of 1873448?
False
Is 3107196 a multiple of 60?
False
Is 76 a factor of 857432?
True
Is 49 a factor of 22629140?
False
Does 1550 divide 1128309?
False
Is 12 a factor of 213715?
False
Does 6 divide 4100394?
True
Is 515 a factor of 8203435?
True
Does 163 divide 440100?
True
Is 327301 a multiple of 221?
True
Does 115 divide 86912?
False
Is 934 a factor of 758689?
False
Is 2 a factor of 17472?
True
Does 7 divide 8816?
False
Does 7 divide 389541?
False
Is 19 a factor of 319466?
True
Is 1152428 a multiple of 82?
True
Is 777199 a multiple of 46?
False
Is 493636 a multiple of 286?
True
Is 103 a factor of 224128?
True
Does 142 divide 23005?
False
Is 59105 a multiple of 58?
False
Is 97 a factor of 90792?
True
Is 8 a factor of 10141859?
False
Is 615 a factor of 1134675?
True
Does 15 divide 164265?
True
Does 44 divide 1194793?
False
Is 528184 a multiple of 103?
True
Does 7 divide 215068?
True
Is 4067828 a multiple of 197?
False
Is 188 a factor of 77440?
False
Does 43 divide 299624?
True
Does 382 divide 1133776?
True
Is 83481 a multiple 